h) be the second derivative of -3/20*h**5 + 1/6*h**4 + 1/2*h**2 - 14*h - 1/6*h**3 + 0. What is g(2)?
-17
Let f = -21 - -24. Let p be (9/2)/(f/(-4)). Let s(l) = l + 7. Determine s(p).
1
Let f(o) = -2*o - 1. Let k be (-5 - -3) + 6 + -1. Let g be -2 + k + 4 - 1. Suppose 28 = -2*r + g*u, 5*r + u + 9 = -6. Calculate f(r).
7
Let r be 21 - 4/(8/4). Let j(b) = 14 + b**2 - r + 4*b - 5*b. Give j(0).
-5
Let v = -119 - -115. Let a be 10/v*(-10)/(-15)*3. Let o(b) be the third derivative of b**5/60 + 5*b**4/24 - b**3/6 + b**2. Determine o(a).
-1
Let f(p) = -3*p + 7. Let k(o) = o**2 + o - 13. Let z = 44 + -40. Let i be k(z). What is f(i)?
-14
Let z(n) be the third derivative of -2*n**2 - 1/120*n**6 + 1/15*n**5 + 0*n**4 + 0*n + 0*n**3 + 0. What is z(2)?
8
Let z(m) be the first derivative of -m**4/4 + 8*m**3/3 - 11*m**2/2 + 104. Give z(6).
6
Let f(s) = s**3 - 6*s**2 - 2*s + 5. Suppose 21*h = 26*h - 85. Let v(y) = 5*y**3 - y + 1. Let i be v(1). Suppose i*n = h + 13. What is f(n)?
-7
Let d(f) be the second derivative of 2*f + 1/3*f**3 + 0*f**2 - 1/12*f**4 + 0. What is d(3)?
-3
Let u(c) = c**3 - 3*c**2 - c + 2. Let x(f) = -f**3 - 4*f**2 + 3*f - 5. Let g be x(-5). Suppose l + 4*n = 19, g*l + n = 4*n + 3. Determine u(l).
-1
Let z(j) = -2*j + 3*j**2 - 9*j**2 + 5*j**2 - 2*j**2 - 3*j**2. Calculate z(1).
-8
Let q(c) = -3*c**2 - 1. Let x be q(-1). Let g(f) be the third derivative of -f**2 + 0 - 1/60*f**5 + 0*f + 0*f**3 - 1/8*f**4. Calculate g(x).
-4
Let l(o) be the first derivative of -2 - 5/3*o**3 - 1/2*o**2 + 1/4*o**4 + 4*o. Determine l(5).
-1
Let n(u) be the second derivative of 5*u**4/6 - u**3/6 - u**2/2 + 131*u. Suppose -2 = 4*y + 2. Calculate n(y).
10
Let a be 21/7 + 0 + -1. Suppose -2*z + 5*q = -23, 18 = z - q + a. Let s = 14 - z. Let w(m) = 2*m + 6. What is w(s)?
-4
Let k = -15 - -18. Let b(y) = -14 + k*y - y**2 + 8 - 11*y. Suppose -2 = r + 4. Calculate b(r).
6
Suppose 4 = o - 1. Suppose 48 = o*a - a. Suppose -9*s - a = -12*s. Let i(q) = q - 9. Calculate i(s).
-5
Suppose 278*i - 270*i = -32. Let g(o) = o + 1. Let b be g(1). Let y(z) = 0 + 0*z**2 - 5*z - z**b + 1. Give y(i).
5
Let z = 109 + -106. Let h(p) = p**3 - p**2 + p + 4. Determine h(z).
25
Let a(f) = -f**3 - 7*f**2 + 8*f. Let m be a(-8). Suppose 4*t - 2*d - 106 = 0, m = -3*d + 2 - 17. Suppose 0 = -l + 5*l + t. Let x(n) = n + 5. What is x(l)?
-1
Let r(o) be the first derivative of -19*o**2/2 - 2*o + 364. What is r(-1)?
17
Let p(b) = -20*b**2 + b. Let s(h) = 13*h + 40. Let j be s(-3). What is p(j)?
-19
Let r(f) = f**2 + 4. Suppose 0 = -7*l + 69 + 204. Let z = 52 - 87. Let y = z + l. Calculate r(y).
20
Suppose -41 + 5 = 18*f. Let x(p) = p**2 + 4*p. What is x(f)?
-4
Let z(h) = -4*h**2 + 2 + 24*h - 4*h**2 - 4 + h**3 - 18*h. Determine z(6).
-38
Let u(d) be the first derivative of -5*d**3/6 + d**2 - 6*d + 6. Let s(c) be the first derivative of u(c). Determine s(2).
-8
Let v(k) = 2*k - 5. Let h = -12 - -13. Let b(n) = -3*n + 5*n - 1 - 3*n. Let x(s) = h*v(s) + b(s). What is x(6)?
0
Let t be (-43 + 40)*(-6)/2. Let s(d) = d - 22. Determine s(t).
-13
Suppose 8*r - 3*r = -5*i + 35, -5*r + 8 = -4*i. Let a(t) = 4*t**2 - 1 - 2*t**2 + 3 - 3 + i*t. Calculate a(-4).
19
Suppose 0*b + 2*b = 0. Suppose -3*m + 5*m = b. Let q(g) be the first derivative of g**4/4 - g**2/2 + 9*g + 247. Give q(m).
9
Let w(g) = 5*g**3 - 2*g**2 + 2*g - 1. Let s(k) = -2*k**2 + 21*k + 13. Let f be s(11). What is w(f)?
35
Let p(u) = u**2 + 15*u - 16. Let r = -20 - -4. Let y be p(r). Suppose y = -4*h - 0*h + 12. Let f(m) = 2*m**2 - 2. Calculate f(h).
16
Let b be (2990/27)/10 - 10/135. Let s(o) = -o**3 + 13*o**2 - 21*o + 1. Give s(b).
12
Let y(w) = w + 3. Let q be y(3). Let r(s) = s**3 - s**2 - 1. Let b(u) = 5*u**3 + u**2 - 5*u - 8. Let c(j) = -b(j) + 6*r(j). Give c(q).
-4
Let y(b) be the first derivative of b**4/4 - 7*b**3/3 + 7*b**2/2 - 7*b - 934. What is y(4)?
-27
Let m(j) be the first derivative of j**6/120 + j**5/15 + j**4/24 + j**3/2 - 2*j**2 - 1. Let d(o) be the second derivative of m(o). Let h = 2 - 6. What is d(h)?
-1
Let t(d) = -5*d**3 + 2*d**2 + 4*d + 3. Let j(n) = 11*n**3 - 3*n**2 - 9*n - 6. Let h(l) = 4*j(l) + 9*t(l). Let g = -257 + 263. Determine h(g).
3
Let z(s) be the first derivative of -s**6/90 + s**5/120 - s**3/3 - 3. Let r(k) be the third derivative of z(k). What is r(1)?
-3
Let a(o) = -o + 3. Let t(j) = j**2 - 5*j + 1. Let v be t(7). Let f = -15 + v. Suppose -4*c - 5 - 11 = f. Calculate a(c).
7
Let h(s) = 7*s**3 + 4*s**2 - 6*s + 1. Let z = -1267 + 1268. What is h(z)?
6
Let s(d) = 5*d**2 + d - 1. Let h be (195/52)/3 + 6/8. Give s(h).
21
Let a(l) = 3 + 155*l**2 - 15*l + 10 - 154*l**2. Give a(14).
-1
Let k be (-2)/((-80)/(-15))*-8. Let l(v) = v**3 - k*v**2 + 7 - 8 + v + 0. Calculate l(2).
-3
Let x(o) be the second derivative of 4*o**3 - o**2/2 + 60*o. Calculate x(-1).
-25
Let u(y) be the third derivative of y**5/60 + y**4/4 - 2*y**3/3 + 432*y**2. Calculate u(-6).
-4
Let x be (4 - 3)*(-3 - (-1 + -2)). Let w(o) be the third derivative of o**2 + 0 + 1/24*o**4 + 2*o**3 + 0*o. Give w(x).
12
Let t(h) = -1380*h - 6 + 684*h + 701*h. Suppose 0 = l + 2*l - 12. Give t(l).
14
Let g(y) = -y + 15. Suppose -4*m + 70 = 6*m. What is g(m)?
8
Suppose 5 = b - 0*b. Let a(n) be the third derivative of -n**5/60 + n**4/6 + 2*n**3/3 - 59*n**2. Give a(b).
-1
Let o(t) be the first derivative of -11*t + 1/4*t**4 - 11/2*t**2 + 3*t**3 + 6. Let b be o(-10). Let a(p) = -p**2 - 2*p - 1. What is a(b)?
0
Let v(k) be the second derivative of 1/2*k**3 - 1/20*k**5 + 0 - 5/2*k**2 - 20*k - 1/4*k**4. Determine v(-4).
-1
Let x(i) = 5*i + 42. Let r be x(-8). Let l(o) = -2 - 6*o**r - o**3 - 7*o - 1 - 3. What is l(-4)?
-10
Let r(p) = -2*p - p - 4 + 2*p + 2. Let j(k) = 2*k - 8. Let u = 10 + -5. Let w be j(u). Determine r(w).
-4
Let p(w) be the second derivative of -w**4/12 - 11*w**3/6 + 7*w**2/2 + 85*w. Determine p(-12).
-5
Let k(a) = -a**2 + 8*a + 6. Let c = -72 + 77. Give k(c).
21
Let f be -3*(-3)/9 + -1. Suppose f*j = 5*j - 15. Let q(i) = 2*i - 3 + j*i - 7*i. What is q(-4)?
5
Suppose 5*u = -5, 12*u + 7 = -5*t + 10*u. Let d(a) = -21*a**2 + 2*a + 1. Give d(t).
-22
Suppose 29*l = 26*l + 15. Suppose 3*m - 3 = -4*t, m - l*t = -3*m + 4. Let c(y) = -7*y**3 + y - 1. Give c(m).
-7
Let j be 1/((-15)/42*23/115). Let y(i) = -4*i - 10. Calculate y(j).
46
Suppose -8*x - 4 + 20 = 0. Suppose 1 = p + x. Let m(j) = 7*j**2 + 2*j + 1. What is m(p)?
6
Let o(k) = -2*k + 1. Let c = -97 + 103. Let h(q) = 8*q - 4. Let t(b) = c*o(b) + h(b). Give t(2).
-6
Let k(r) = -r**2 + 41*r - 206. Let s be k(35). Let f(o) = -2*o**2 + o + 2. Let b(c) = -c + 1. Let a(p) = 5*b(p) - f(p). What is a(s)?
11
Let r(k) = 51 + 7*k + 0*k - 79 - 8*k. What is r(-9)?
-19
Suppose 0*w = w + 2*y - 6, -4*w = -4*y. Suppose 0*f - 12 = 2*f - 5*z, 4*f = -w*z - 24. Let g(r) = -r**3 - 7*r**2 - 4*r + 8. Calculate g(f).
-4
Let s(l) = l**3 + 3*l**2. Let x be 4/(-2) - (-1 + -3). Suppose 5*k - 20 = -5. Suppose -5*m + x*i - 16 = 0, 8 = -m + 3*i - k. What is s(m)?
4
Let s(u) be the second derivative of -u**7/2520 + u**6/240 - u**5/120 - 5*u**4/6 + 6*u. Let d(b) be the third derivative of s(b). Determine d(5).
-11
Let s be (-13)/3 - (-11)/33. Let l(m) = m**3. Let p = 1 + -4. Let j(z) = -4*z**3 - 5*z**2 - 6*z - 4. Let f(w) = p*l(w) - j(w). Determine f(s).
-4
Suppose -5*z - 5*p - 10 = 0, -2*z - 2*p - 4 = -z. Suppose h + 5 = z, 2*d - 3*d = -2*h - 14. Let i(b) = 5*b - 2*b**3 - 3*b - 5*b**2 - d - 5*b. What is i(-3)?
14
Let h = 316 - 321. Let w(c) = c**2 + 4*c - 3. Determine w(h).
2
Let p(q) = 3*q**2 - 7*q - 11. Let c(z) = -5*z**2 + 12*z + 21. Let k(o) = 4*c(o) + 7*p(o). What is k(0)?
7
Suppose 15*u = -90 - 15. Let r(c) = -3*c - 16. Give r(u).
5
Let i(t) = 7*t + 3. Let w be i(-1). Let a = w + -2. Let x(s) = s**2 + 7*s + 2. Determine x(a).
-4
Let k(g) = -g**2 + 8*g - 6. Let x(a) = -a**3 - 11*a**2 + a - 5. Let i be x(-11). Let z be i/(-3) + 8/(-24). Suppose -26 - 4 = -z*j. Calculate k(j).
6
Let p(v) = 5 + 5 + 10 - 25 + v. What is p(10)?
5
Let t(p) be the first derivative of 3*p + 5/3*p**3 + 20 - 5/2*p**2 - 1/4*p**4. Let o = -6 - -9. Determine t(o).
6
Let r(i) = -7*i - 7. Let v(p) = 13*p + 14. Let a(b) = 10*r(b) + 5*v(b). Let g be (-1)/2 - (-10)/(-4). Give a(g).
15
Let m = 779 + -776. Let a(n) be the third derivative of 4*n**2 + 0 + 0*n + 1/8*n**4 - 1/3*